= 66 - -129. What is the remainder when h is divided by 8*(3 - -3*(-3)/36)?
19
Suppose -4*y + 4*s = -28, -15 = -4*s - 11. Suppose y*k - 373 = 1595. Calculate the remainder when k is divided by 23.
16
Let q(r) = 374*r - 30. What is the remainder when q(1) is divided by 21?
8
Suppose 0 = x + 5*c - 3 - 11, -5*x = 3*c - 70. Suppose t - 11 = x. Suppose -5*a = t, -b + 5*a + 20 + 47 = 0. Calculate the remainder when 82 is divided by b.
40
Suppose -5*j + j = -36. What is the remainder when (j/(-6))/(5/(-150)) is divided by 29?
16
Let d = -99 + 222. Suppose 4*y - 4*f = 132, 4*y = -0*f - 2*f + 126. What is the remainder when d is divided by y?
27
Suppose k - 63*k + 226452 = 277*k. What is the remainder when k is divided by 71?
29
Let v(m) = -2*m**2 + 180*m + 817. Calculate the remainder when 870 is divided by v(93).
93
Let j = 601 + -602. Calculate the remainder when j/9*-1 + (-9036)/(-324) is divided by 3.
1
Let v = 782 + -767. Suppose 5*w + v = 0, -33 = -5*b - w + 214. Calculate the remainder when b is divided by 29.
21
Suppose -3*h = -6 - 69. Let v = 5632 - 5537. What is the remainder when v is divided by h?
20
Let h be 49*1 - (2 + -11 - -8). Suppose -3*k - h = -176. Suppose 4*o + 5*s = -0*s + 497, 3*o - 2*s - 367 = 0. Calculate the remainder when o is divided by k.
39
Let z(q) = -q**3 - 24*q**2 + 50*q - 34. What is the remainder when 233 is divided by z(-26)?
17
Let t = -11 - -19. Suppose -114 = -4*v + 2*f, -13*f = -12*f - 5. What is the remainder when v is divided by t?
7
Suppose -29*w = -25*w. Let d(f) be the third derivative of f**6/120 - f**5/60 + f**4/24 + 3*f**3 - 4*f**2. Calculate the remainder when 27 is divided by d(w).
9
Suppose 4*z - 65 = -3*i + 35, -3*i = 2*z - 56. Suppose -w - 4*k + 57 = 0, w + 2*k = -4*w + 321. What is the remainder when w is divided by z?
21
Let x = 2342 - 2330. What is the remainder when 359 is divided by x?
11
Suppose 0*b + 48 = 3*b. Suppose 4*j = 3*g + 3, 4*j + 7*g - 11*g = 0. Suppose -j*c + c - 6 = 0, -4*w = 3*c - 175. What is the remainder when w is divided by b?
14
Let s(h) = 3*h**2 + 20*h - 28. Let p be s(14). Let g = p - 757. What is the remainder when g is divided by 52?
31
Suppose 248*a - 176*a = -166 + 5854. What is the remainder when a is divided by 77?
2
Suppose -t - 4*t = -5*h - 45, -3*h - 45 = -5*t. Calculate the remainder when (886 - 2/2)*(3/9)/1 is divided by t.
7
Let j(c) = 12*c**2 + 17*c. Suppose 3*r + 201 = 192. What is the remainder when 69 is divided by j(r)?
12
What is the remainder when -1 + 1 + 4 + (226 - -6) is divided by 3?
2
Let f(w) = 2*w**2 + 1. Let v(m) = -4343*m - 47696. What is the remainder when v(-11) is divided by f(4)?
11
Let l(p) = 65*p**2 + 40*p + 80 - p**3 - 107*p**2 - 20. Calculate the remainder when l(-43) is divided by 39.
33
Suppose -6*p + 22*p - 192 = 0. Suppose -2*l + 2*z + 22 = 0, -8*l = -6*l + 3*z - p. What is the remainder when 13 is divided by l?
4
Suppose -2*m = -10, 4*l + 479 = -0*l - 5*m. Let r = l - -131. Calculate the remainder when 15 is divided by r.
0
Let z(t) = t**3 + 36*t**2 - 39*t + 479. Calculate the remainder when z(-37) is divided by 181.
10
Let p(x) be the first derivative of -67*x**2/2 - 149*x + 134. What is the remainder when p(-4) is divided by 11?
9
Suppose 283 - 1 = 19*r + 28*r. What is the remainder when 13702 is divided by r?
4
Let r(y) = 2*y**2 + 46*y - 58. Calculate the remainder when 1174 is divided by r(-25).
40
Let a = -2356 + 2620. What is the remainder when a is divided by 90?
84
Suppose 0 = -5*p + 5411 + 4769. What is the remainder when p is divided by 170?
166
Let j = 2 - -1. Suppose t + 4*z - 2*z = -254, 5*t + 1205 = j*z. Let c = t - -352. Calculate the remainder when c is divided by 37.
34
Suppose 0 = -2*v + 46*l - 51*l + 1752, 2*v - 1704 = 3*l. What is the remainder when v is divided by 36?
33
Suppose 4*a = -9 + 81. Let v(j) = 48*j + 147. Suppose 5 = -18*n + 15*n - 4*q, 0 = -q + 1. What is the remainder when a is divided by v(n)?
0
Let h(o) = o**3 - 52*o**2 - 271*o + 43. Calculate the remainder when h(57) is divided by 197.
53
What is the remainder when 2925 is divided by (-2)/(-12) - 49542/(-828)?
45
Suppose 5*o - 241 + 12 = -3*x, 4*x + 5*o = 302. Suppose 0 = -45*k + 43*k + 326. Let v = k - x. Calculate the remainder when v is divided by 23.
21
What is the remainder when 2039 is divided by (-5 + (-12)/(-2))*(-10180)/(1 + -6)?
3
Let t(h) = h + 118. Let k be t(8). Suppose -k = -13*v + 251. Calculate the remainder when 41 is divided by v.
12
Let z(l) = -l**3 + 6*l**2 + 3*l - 6. Calculate the remainder when -2*10/3*(-197421)/5372 is divided by z(6).
5
Let g be 1*(-21)/3 - -23. What is the remainder when 2/8 - ((-2028)/g + 4) is divided by 27?
15
Suppose -3*y = -4*m - 15, -m = 5*y + 14 - 39. Let o(h) = -h**3 - 10*h**2 - 9*h + 11. Calculate the remainder when o(-9) is divided by 44/4 + (-5 - m).
5
Let v = -42 + 55. Let u(d) = d**2 + 60*d - 102. What is the remainder when u(-63) is divided by v?
9
What is the remainder when (-20 - (-1422)/63)/(40/(-21) + 2) is divided by (1 - (-1 - -3))*-7?
6
Let u = 2796 + 1494. What is the remainder when u is divided by 7?
6
Let w be (4/12)/((-12)/(-1548)). Suppose 4*y = 5*h + 71, -2*h = 2*y - 7*h - w. Calculate the remainder when 42 is divided by y.
0
Let t(r) = 8*r + 68. Let m be t(-7). Suppose -9*u + m*u = 285. What is the remainder when u is divided by 25?
20
Let p(c) = c**3 + 14*c**2 + 23*c + 10. Let u be p(-9). Suppose -436*b + u = -435*b. What is the remainder when b is divided by 30?
28
Suppose -5*p + 125 = -5*b - 15, -4*p = -3*b - 116. Calculate the remainder when 857 is divided by p.
25
Let v(f) = -31*f**2 + 590*f + 35. What is the remainder when v(18) is divided by 62?
53
Let p = -51 + 83. Suppose 26*c = p*c - 1506. What is the remainder when c is divided by 32?
27
Suppose t = o - 260, 3*o + t = 263 + 525. Let g = -253 + o. Suppose 2*y - 8 = -x - x, -4*y = -2*x - 28. Calculate the remainder when g is divided by y.
3
Let x(b) = 6*b - 27 - 3*b - 5*b + 3*b. What is the remainder when 144 is divided by x(35)?
0
Let w(i) = 21*i - 100. Let t(y) = -y**3 - 8*y**2 + 16*y - 33. Let u be t(-10). What is the remainder when w(u) is divided by 19?
9
Let f = -13451 + 13511. Calculate the remainder when 2339 is divided by f.
59
Suppose 0 = -4*r - 5*g - 63 + 233, -4*r = 4*g - 172. Suppose l + 5*i = 396, 0 = 5*l - 266*i + 263*i - 2008. What is the remainder when l is divided by r?
41
Suppose 19878 + 24021 = 36*g - 179841. What is the remainder when g is divided by 84?
83
Suppose 36 = -6*i - 12*i. Calculate the remainder when 125 is divided by (30/20)/(i/(-28)).
20
Let n(i) = -16*i**2 + 20*i - 138. Let o be n(6). Let c = -560 - o. Calculate the remainder when 268 is divided by c.
30
Suppose -3*g = 4*r - 271, 5*r = -5*g + 255 + 190. What is the remainder when 569 is divided by g?
59
Suppose -3*q - 5*t + 738 = 0, 5*q + 36*t - 40*t - 1230 = 0. Let y = -227 + q. What is the remainder when 56 is divided by y?
18
Let u be 0/3*1 + -14. Let n = u + 29. Calculate the remainder when (43/2)/(2/4) is divided by n.
13
Let u = -396 + 414. What is the remainder when 512 is divided by (24/u)/((-4)/(-258))?
82
Suppose 3*q + 2571 = -2*j + 11255, 6*q = 4*j - 17296. Calculate the remainder when j is divided by 7.
0
Suppose 38*k + 721 = k + 4014. Calculate the remainder when 3113 is divided by k.
87
Let k = -1128 - -3079. Calculate the remainder when k is divided by 16.
15
Let z(s) = -16*s + 15. Let i be z(20). Let u = -301 - i. Suppose 3*k = 2*g + 35, -k - 4*g + 7 = -14. Calculate the remainder when k is divided by u.
1
Suppose 0 = -3*d - 5 + 14. Let j = 79 - 74. Suppose d*i = -3*k + 54, -j*k - 4*i - 25 = -111. What is the remainder when 41 is divided by k?
13
Let d = -2690 - -2721. What is the remainder when 148 is divided by d?
24
Let l = 845 + -1232. Let n(p) = -8*p + 6. Calculate the remainder when n(-6) is divided by 4/6 + l/(-27).
9
Suppose f - 919 + 462 = -424. What is the remainder when 2638 is divided by f?
31
Suppose p + g = -0*p + 6, 5*g - 15 = 0. Suppose 46 = s + a, 11*s + 50 = 12*s + p*a. What is the remainder when s is divided by 16?
12
Suppose -p - 6 = 3*m + m, m + 2 = 0. Let b = p - -15. Let r = 806 - 756. Calculate the remainder when r is divided by b.
16
Let m be 9/6*50/15. Suppose -k + 2*f = -26, m*k + 28 = 4*